{"id":579,"date":"2021-02-03T08:42:40","date_gmt":"2021-02-03T08:42:40","guid":{"rendered":"http:\/\/http:\/\/geomuseu.upc.edu\/\/?page_id=579"},"modified":"2025-05-05T13:31:23","modified_gmt":"2025-05-05T13:31:23","slug":"novedades-2","status":"publish","type":"page","link":"https:\/\/geomuseu.upc.edu\/index.php\/es\/novedades-2\/","title":{"rendered":"NOVEDADES"},"content":{"rendered":"\n<p><strong>LAS TIERRAS RARAS<\/strong><\/p>\n\n\n<div class=\"wp-block-image\">\n<figure class=\"aligncenter size-full is-resized\"><img decoding=\"async\" width=\"567\" height=\"321\" data-src=\"https:\/\/geomuseu.upc.edu\/wp-content\/uploads\/2025\/05\/imagen-1.png\" alt=\"\" class=\"wp-image-2914 lazyload\" style=\"--smush-placeholder-width: 567px; --smush-placeholder-aspect-ratio: 567\/321;width:512px;height:auto\" data-srcset=\"https:\/\/geomuseu.upc.edu\/wp-content\/uploads\/2025\/05\/imagen-1.png 567w, https:\/\/geomuseu.upc.edu\/wp-content\/uploads\/2025\/05\/imagen-1-300x170.png 300w\" data-sizes=\"(max-width: 567px) 100vw, 567px\" src=\"data:image\/svg+xml;base64,PHN2ZyB3aWR0aD0iMSIgaGVpZ2h0PSIxIiB4bWxucz0iaHR0cDovL3d3dy53My5vcmcvMjAwMC9zdmciPjwvc3ZnPg==\" \/><\/figure>\n<\/div>\n\n<div class=\"wp-block-image\">\n<figure class=\"aligncenter size-full is-resized\"><img decoding=\"async\" width=\"567\" height=\"323\" data-src=\"https:\/\/geomuseu.upc.edu\/wp-content\/uploads\/2025\/05\/imagen.png\" alt=\"\" class=\"wp-image-2913 lazyload\" style=\"--smush-placeholder-width: 567px; --smush-placeholder-aspect-ratio: 567\/323;width:513px;height:auto\" data-srcset=\"https:\/\/geomuseu.upc.edu\/wp-content\/uploads\/2025\/05\/imagen.png 567w, https:\/\/geomuseu.upc.edu\/wp-content\/uploads\/2025\/05\/imagen-300x171.png 300w\" data-sizes=\"(max-width: 567px) 100vw, 567px\" src=\"data:image\/svg+xml;base64,PHN2ZyB3aWR0aD0iMSIgaGVpZ2h0PSIxIiB4bWxucz0iaHR0cDovL3d3dy53My5vcmcvMjAwMC9zdmciPjwvc3ZnPg==\" \/><\/figure>\n<\/div>\n\n\n<p><\/p>\n\n\n\n<p>Venid al Museo de Geolog\u00eda Valent\u00ed Masachs y podr\u00e9is saber qu\u00e9 son los Minerales Cr\u00edticos y qu\u00e9 son las Tierras Raras (de los que tanto se comenta en los medios de comunicaci\u00f3n) \u00a0y podr\u00e9is verlos f\u00edsicamente en las vitrinas y cuales son sus aplicaciones. Adem\u00e1s, una gran pantalla de TV os mostrar\u00e1 detalles de donde se utilizan, tanto en automoci\u00f3n como en diferentes elementos de nuestra sociedad en la vida cotidiana.<\/p>\n\n\n\n<p><strong>UNA NUEVA &#8220;JOYA&#8221; EN EL MUSEO DE GEOLOG\u00cdA VALENT\u00cd MASACHS<\/strong><\/p>\n\n\n\n<figure class=\"wp-block-image size-full is-resized\"><img decoding=\"async\" width=\"567\" height=\"435\" data-src=\"https:\/\/geomuseu.upc.edu\/wp-content\/uploads\/2025\/03\/imagen.png\" alt=\"\" class=\"wp-image-2877 lazyload\" style=\"--smush-placeholder-width: 567px; --smush-placeholder-aspect-ratio: 567\/435;width:424px;height:auto\" data-srcset=\"https:\/\/geomuseu.upc.edu\/wp-content\/uploads\/2025\/03\/imagen.png 567w, https:\/\/geomuseu.upc.edu\/wp-content\/uploads\/2025\/03\/imagen-300x230.png 300w\" data-sizes=\"(max-width: 567px) 100vw, 567px\" src=\"data:image\/svg+xml;base64,PHN2ZyB3aWR0aD0iMSIgaGVpZ2h0PSIxIiB4bWxucz0iaHR0cDovL3d3dy53My5vcmcvMjAwMC9zdmciPjwvc3ZnPg==\" \/><\/figure>\n\n\n\n<p><br>Una nueva \u201cjoya\u201d hemos incorporado al museo, se trata de una geoda de cuarzo amatista de 150 Kg de peso y 80 cm de di\u00e1metro, procedente de Irai (Rio Grande do Sul) Brasil, cedida por el coleccionista barcelon\u00e9s Josep Farr\u00e0s el d\u00eda 20 de marzo de 2025. La calidad del color de los cristales y su respetable medida, hacen que sea una pieza digna de admirar. Venid a verla, no saldr\u00e9is decepcionados!<\/p>\n\n\n\n<p><strong>MURAL DEL CUATERNARIO DEL VALLE DEL CARDENER<\/strong><\/p>\n\n\n\n<figure class=\"wp-block-image size-full\"><img decoding=\"async\" width=\"534\" height=\"355\" data-src=\"https:\/\/geomuseu.upc.edu\/wp-content\/uploads\/2024\/10\/imagen.png\" alt=\"\" class=\"wp-image-2767 lazyload\" data-srcset=\"https:\/\/geomuseu.upc.edu\/wp-content\/uploads\/2024\/10\/imagen.png 534w, https:\/\/geomuseu.upc.edu\/wp-content\/uploads\/2024\/10\/imagen-300x199.png 300w\" data-sizes=\"(max-width: 534px) 100vw, 534px\" src=\"data:image\/svg+xml;base64,PHN2ZyB3aWR0aD0iMSIgaGVpZ2h0PSIxIiB4bWxucz0iaHR0cDovL3d3dy53My5vcmcvMjAwMC9zdmciPjwvc3ZnPg==\" style=\"--smush-placeholder-width: 534px; --smush-placeholder-aspect-ratio: 534\/355;\" \/><\/figure>\n\n\n\n<p>1 \u2013 Terrazas fluviales hist\u00f3ricas del Cardener. Reproducciones de la \u00e9poca (1929, 1940, 1960)<\/p>\n\n\n\n<p>2 \u2013 Esquema evolutivo de la formaci\u00f3n de terrazas fluviales. Toda la poblaci\u00f3n de Sant Joan de Vilatorrada y buena parte del t\u00e9rmino de Manresa se asientan sobre estos terrenos. Los restos de graveras, explotadas anteriormente, a\u00fan se pueden reconocer.<\/p>\n\n\n\n<p>3 \u2013 Cuadro evolutivo de los elefantes. Para situarse en el contenido paleontol\u00f3gico de las graveras.<\/p>\n\n\n\n<p>4 \u2013 Familia de elefantes africanos en un humedal cerca del rio. Para ilustrar comparativamente el mismo ambiente que frecuentar\u00edan sus parientes prehist\u00f3ricos del Cardener.<\/p>\n\n\n\n<p>5 \u2013 Hallazgos hist\u00f3ricos de restos de elefantes prehist\u00f3ricos en Manresa. Intervenciones dirigidas y posteriormente documentadas cient\u00edficamente por el Dr. MASACHS.<\/p>\n\n\n\n<p>6 \u2013 Elementos dentarios (molares) hallados en el Puigberenguer, de valiosa transcendencia para el conocimiento del Cuaternario peninsular. Uno de estos elementos se puede observar en la vitrina relacionada.<\/p>\n\n\n\n<p>7 \u2013 Esquema anat\u00f3mico del cr\u00e1neo de un elefante. Se puede observar la situaci\u00f3n de los elementos dentarios (colmillos y molares)<\/p>\n\n\n\n<p>8 \u2013 Ilustraci\u00f3n de una mand\u00edbula de elefante, mostrando los molares inferiores en posici\u00f3n anat\u00f3mica.<\/p>\n\n\n\n<p><em>Elaborado y redactado prr <strong>Josep Biosca Munts<\/strong><\/em><\/p>\n\n\n\n<p><strong>REMODELACI\u00d3N DE LA VITRINA F\u00d3SILES DEL EOCENO: F\u00d3SILES Y CAMBIO CLIM\u00c1TICO<\/strong><\/p>\n\n\n<div class=\"wp-block-image\">\n<figure class=\"alignright size-large is-resized\"><img decoding=\"async\" width=\"1024\" height=\"680\" data-src=\"https:\/\/geomuseu.upc.edu\/wp-content\/uploads\/2021\/01\/DSC_36b-1024x680.jpg\" alt=\"\" class=\"wp-image-1024 lazyload\" style=\"--smush-placeholder-width: 1024px; --smush-placeholder-aspect-ratio: 1024\/680;width:512px;height:340px\" data-srcset=\"https:\/\/geomuseu.upc.edu\/wp-content\/uploads\/2021\/01\/DSC_36b-1024x680.jpg 1024w, https:\/\/geomuseu.upc.edu\/wp-content\/uploads\/2021\/01\/DSC_36b-300x199.jpg 300w, https:\/\/geomuseu.upc.edu\/wp-content\/uploads\/2021\/01\/DSC_36b-768x510.jpg 768w, https:\/\/geomuseu.upc.edu\/wp-content\/uploads\/2021\/01\/DSC_36b-1536x1020.jpg 1536w, https:\/\/geomuseu.upc.edu\/wp-content\/uploads\/2021\/01\/DSC_36b-2048x1360.jpg 2048w\" data-sizes=\"(max-width: 1024px) 100vw, 1024px\" src=\"data:image\/svg+xml;base64,PHN2ZyB3aWR0aD0iMSIgaGVpZ2h0PSIxIiB4bWxucz0iaHR0cDovL3d3dy53My5vcmcvMjAwMC9zdmciPjwvc3ZnPg==\" \/><\/figure>\n<\/div>\n\n\n<p>Es una contribuci\u00f3n del Museo de Geolog\u00eda Valent\u00ed Masachs al conocimiento del fen\u00f3meno del CAMBIO CLIM\u00c1TICO, desde el punto de vista geol\u00f3gico y como causa natural.<br>Los cambios clim\u00e1ticos detectados en el transcurso de la historia geol\u00f3gica de la Tierra, han sido de una lentitud que se calcula en millones de a\u00f1os, y que evidentemente no han sido inducidos por causas antr\u00f3picas.<br>Aqu\u00ed se exposen los cambios en la distribuci\u00f3n geogr\u00e1fica de flores y faunas, explicadas con la ayuda de elementos actuales importados de paises intertropicales, compar\u00e1ndolos con f\u00f3siles del fondo de la colecci\u00f3n paleontol\u00f3gica del Museo.<br>Dirigido a toda persona interesada en saber m\u00e1s sobre el fen\u00f3meno del Cambio Clim\u00e1tico y que desee aproximarse de forma activa, a resolver uno de los grandes retos que afronta la humanidad.<br>Se ofrece una informaci\u00f3n enfocada de manera did\u00e1ctica a ense\u00f1antes y estudiantes de todos los niveles, especialmente de Biolog\u00eda, Ciencias de la Tierra y Medio ambiente. Cada uno puede escoger el nivel informativo que le interese, ya que existe la posibilidad de enfocarlo desde un alto nivel cient\u00edfico hasta la forma divulgativa m\u00e1s popular.<br>Por el concepto de &#8220;saber m\u00e1s&#8221;, el visitante dispone de una recopilaci\u00f3n de c\u00f3digos QR que puede captar con el m\u00f3vil y as\u00ed llevarse la informaci\u00f3n a casa.<\/p>\n","protected":false},"excerpt":{"rendered":"<p>LAS TIERRAS RARAS Venid al Museo de Geolog\u00eda Valent\u00ed Masachs y podr\u00e9is saber qu\u00e9 son&#46;&#46;&#46;<\/p>\n","protected":false},"author":1,"featured_media":0,"parent":0,"menu_order":0,"comment_status":"closed","ping_status":"closed","template":"","meta":{"footnotes":""},"class_list":["post-579","page","type-page","status-publish","hentry"],"_links":{"self":[{"href":"https:\/\/geomuseu.upc.edu\/index.php\/wp-json\/wp\/v2\/pages\/579","targetHints":{"allow":["GET"]}}],"collection":[{"href":"https:\/\/geomuseu.upc.edu\/index.php\/wp-json\/wp\/v2\/pages"}],"about":[{"href":"https:\/\/geomuseu.upc.edu\/index.php\/wp-json\/wp\/v2\/types\/page"}],"author":[{"embeddable":true,"href":"https:\/\/geomuseu.upc.edu\/index.php\/wp-json\/wp\/v2\/users\/1"}],"replies":[{"embeddable":true,"href":"https:\/\/geomuseu.upc.edu\/index.php\/wp-json\/wp\/v2\/comments?post=579"}],"version-history":[{"count":10,"href":"https:\/\/geomuseu.upc.edu\/index.php\/wp-json\/wp\/v2\/pages\/579\/revisions"}],"predecessor-version":[{"id":2933,"href":"https:\/\/geomuseu.upc.edu\/index.php\/wp-json\/wp\/v2\/pages\/579\/revisions\/2933"}],"wp:attachment":[{"href":"https:\/\/geomuseu.upc.edu\/index.php\/wp-json\/wp\/v2\/media?parent=579"}],"curies":[{"name":"wp","href":"https:\/\/api.w.org\/{rel}","templated":true}]}}

<p><strong>LAS TIERRAS RARAS</strong></p>


<div class="wp-block-image">
<figure class="aligncenter size-full is-resized"><img decoding="async" width="567" height="321" data-src="https://geomuseu.upc.edu/wp-content/uploads/2025/05/imagen-1.png" alt="" class="wp-image-2914 lazyload" style="--smush-placeholder-width: 567px; --smush-placeholder-aspect-ratio: 567/321;width:512px;height:auto" data-srcset="https://geomuseu.upc.edu/wp-content/uploads/2025/05/imagen-1.png 567w, https://geomuseu.upc.edu/wp-content/uploads/2025/05/imagen-1-300x170.png 300w" data-sizes="(max-width: 567px) 100vw, 567px" src="data:image/svg+xml;base64,PHN2ZyB3aWR0aD0iMSIgaGVpZ2h0PSIxIiB4bWxucz0iaHR0cDovL3d3dy53My5vcmcvMjAwMC9zdmciPjwvc3ZnPg==" /></figure>
</div>

<div class="wp-block-image">
<figure class="aligncenter size-full is-resized"><img decoding="async" width="567" height="323" data-src="https://geomuseu.upc.edu/wp-content/uploads/2025/05/imagen.png" alt="" class="wp-image-2913 lazyload" style="--smush-placeholder-width: 567px; --smush-placeholder-aspect-ratio: 567/323;width:513px;height:auto" data-srcset="https://geomuseu.upc.edu/wp-content/uploads/2025/05/imagen.png 567w, https://geomuseu.upc.edu/wp-content/uploads/2025/05/imagen-300x171.png 300w" data-sizes="(max-width: 567px) 100vw, 567px" src="data:image/svg+xml;base64,PHN2ZyB3aWR0aD0iMSIgaGVpZ2h0PSIxIiB4bWxucz0iaHR0cDovL3d3dy53My5vcmcvMjAwMC9zdmciPjwvc3ZnPg==" /></figure>
</div>


<p></p>



<p>Venid al Museo de Geología Valentí Masachs y podréis saber qué son los Minerales Críticos y qué son las Tierras Raras (de los que tanto se comenta en los medios de comunicación)  y podréis verlos físicamente en las vitrinas y cuales son sus aplicaciones. Además, una gran pantalla de TV os mostrará detalles de donde se utilizan, tanto en automoción como en diferentes elementos de nuestra sociedad en la vida cotidiana.</p>



<p><strong>UNA NUEVA &#8220;JOYA&#8221; EN EL MUSEO DE GEOLOGÍA VALENTÍ MASACHS</strong></p>



<figure class="wp-block-image size-full is-resized"><img decoding="async" width="567" height="435" data-src="https://geomuseu.upc.edu/wp-content/uploads/2025/03/imagen.png" alt="" class="wp-image-2877 lazyload" style="--smush-placeholder-width: 567px; --smush-placeholder-aspect-ratio: 567/435;width:424px;height:auto" data-srcset="https://geomuseu.upc.edu/wp-content/uploads/2025/03/imagen.png 567w, https://geomuseu.upc.edu/wp-content/uploads/2025/03/imagen-300x230.png 300w" data-sizes="(max-width: 567px) 100vw, 567px" src="data:image/svg+xml;base64,PHN2ZyB3aWR0aD0iMSIgaGVpZ2h0PSIxIiB4bWxucz0iaHR0cDovL3d3dy53My5vcmcvMjAwMC9zdmciPjwvc3ZnPg==" /></figure>



<p><br>Una nueva “joya” hemos incorporado al museo, se trata de una geoda de cuarzo amatista de 150 Kg de peso y 80 cm de diámetro, procedente de Irai (Rio Grande do Sul) Brasil, cedida por el coleccionista barcelonés Josep Farràs el día 20 de marzo de 2025. La calidad del color de los cristales y su respetable medida, hacen que sea una pieza digna de admirar. Venid a verla, no saldréis decepcionados!</p>



<p><strong>MURAL DEL CUATERNARIO DEL VALLE DEL CARDENER</strong></p>



<figure class="wp-block-image size-full"><img decoding="async" width="534" height="355" data-src="https://geomuseu.upc.edu/wp-content/uploads/2024/10/imagen.png" alt="" class="wp-image-2767 lazyload" data-srcset="https://geomuseu.upc.edu/wp-content/uploads/2024/10/imagen.png 534w, https://geomuseu.upc.edu/wp-content/uploads/2024/10/imagen-300x199.png 300w" data-sizes="(max-width: 534px) 100vw, 534px" src="data:image/svg+xml;base64,PHN2ZyB3aWR0aD0iMSIgaGVpZ2h0PSIxIiB4bWxucz0iaHR0cDovL3d3dy53My5vcmcvMjAwMC9zdmciPjwvc3ZnPg==" style="--smush-placeholder-width: 534px; --smush-placeholder-aspect-ratio: 534/355;" /></figure>



<p>1 – Terrazas fluviales históricas del Cardener. Reproducciones de la época (1929, 1940, 1960)</p>



<p>2 – Esquema evolutivo de la formación de terrazas fluviales. Toda la población de Sant Joan de Vilatorrada y buena parte del término de Manresa se asientan sobre estos terrenos. Los restos de graveras, explotadas anteriormente, aún se pueden reconocer.</p>



<p>3 – Cuadro evolutivo de los elefantes. Para situarse en el contenido paleontológico de las graveras.</p>



<p>4 – Familia de elefantes africanos en un humedal cerca del rio. Para ilustrar comparativamente el mismo ambiente que frecuentarían sus parientes prehistóricos del Cardener.</p>



<p>5 – Hallazgos históricos de restos de elefantes prehistóricos en Manresa. Intervenciones dirigidas y posteriormente documentadas científicamente por el Dr. MASACHS.</p>



<p>6 – Elementos dentarios (molares) hallados en el Puigberenguer, de valiosa transcendencia para el conocimiento del Cuaternario peninsular. Uno de estos elementos se puede observar en la vitrina relacionada.</p>



<p>7 – Esquema anatómico del cráneo de un elefante. Se puede observar la situación de los elementos dentarios (colmillos y molares)</p>



<p>8 – Ilustración de una mandíbula de elefante, mostrando los molares inferiores en posición anatómica.</p>



<p><em>Elaborado y redactado prr <strong>Josep Biosca Munts</strong></em></p>



<p><strong>REMODELACIÓN DE LA VITRINA FÓSILES DEL EOCENO: FÓSILES Y CAMBIO CLIMÁTICO</strong></p>


<div class="wp-block-image">
<figure class="alignright size-large is-resized"><img decoding="async" width="1024" height="680" data-src="https://geomuseu.upc.edu/wp-content/uploads/2021/01/DSC_36b-1024x680.jpg" alt="" class="wp-image-1024 lazyload" style="--smush-placeholder-width: 1024px; --smush-placeholder-aspect-ratio: 1024/680;width:512px;height:340px" data-srcset="https://geomuseu.upc.edu/wp-content/uploads/2021/01/DSC_36b-1024x680.jpg 1024w, https://geomuseu.upc.edu/wp-content/uploads/2021/01/DSC_36b-300x199.jpg 300w, https://geomuseu.upc.edu/wp-content/uploads/2021/01/DSC_36b-768x510.jpg 768w, https://geomuseu.upc.edu/wp-content/uploads/2021/01/DSC_36b-1536x1020.jpg 1536w, https://geomuseu.upc.edu/wp-content/uploads/2021/01/DSC_36b-2048x1360.jpg 2048w" data-sizes="(max-width: 1024px) 100vw, 1024px" src="data:image/svg+xml;base64,PHN2ZyB3aWR0aD0iMSIgaGVpZ2h0PSIxIiB4bWxucz0iaHR0cDovL3d3dy53My5vcmcvMjAwMC9zdmciPjwvc3ZnPg==" /></figure>
</div>


<p>Es una contribución del Museo de Geología Valentí Masachs al conocimiento del fenómeno del CAMBIO CLIMÁTICO, desde el punto de vista geológico y como causa natural.<br>Los cambios climáticos detectados en el transcurso de la historia geológica de la Tierra, han sido de una lentitud que se calcula en millones de años, y que evidentemente no han sido inducidos por causas antrópicas.<br>Aquí se exposen los cambios en la distribución geográfica de flores y faunas, explicadas con la ayuda de elementos actuales importados de paises intertropicales, comparándolos con fósiles del fondo de la colección paleontológica del Museo.<br>Dirigido a toda persona interesada en saber más sobre el fenómeno del Cambio Climático y que desee aproximarse de forma activa, a resolver uno de los grandes retos que afronta la humanidad.<br>Se ofrece una información enfocada de manera didáctica a enseñantes y estudiantes de todos los niveles, especialmente de Biología, Ciencias de la Tierra y Medio ambiente. Cada uno puede escoger el nivel informativo que le interese, ya que existe la posibilidad de enfocarlo desde un alto nivel científico hasta la forma divulgativa más popular.<br>Por el concepto de &#8220;saber más&#8221;, el visitante dispone de una recopilación de códigos QR que puede captar con el móvil y así llevarse la información a casa.</p>

<p>LAS TIERRAS RARAS Venid al Museo de Geología Valentí Masachs y podréis saber qué son&#46;&#46;&#46;</p>
