{"id":26,"date":"2021-01-21T10:13:29","date_gmt":"2021-01-21T10:13:29","guid":{"rendered":"http:\/\/http:\/\/geomuseu.upc.edu\/\/?page_id=26"},"modified":"2026-04-07T06:47:43","modified_gmt":"2026-04-07T06:47:43","slug":"inici","status":"publish","type":"page","link":"https:\/\/geomuseu.upc.edu\/","title":{"rendered":"INICI"},"content":{"rendered":"\n<p class=\"has-huge-font-size\"><strong>Geomuseu<\/strong><\/p>\n\n\n<style type=\"text\/css\">\n#foogallery-gallery-877 .fg-image { width: 600px; }<\/style>\n\t\t\t<div class=\"foogallery foogallery-container foogallery-image-viewer foogallery-link-image foogallery-lightbox-none fg-center fg-image-viewer fg-ready fg-light fg-border-thin fg-shadow-outline fg-loading-default fg-loaded-fade-in fg-caption-hover fg-hover-fade fg-hover-zoom\" id=\"foogallery-gallery-877\" data-foogallery=\"{&quot;item&quot;:{&quot;showCaptionTitle&quot;:true,&quot;showCaptionDescription&quot;:true},&quot;lazy&quot;:true,&quot;template&quot;:{&quot;loop&quot;:false}}\" style=\"--fg-title-line-clamp: 0; --fg-description-line-clamp: 0;\" >\n\t<div class=\"fiv-inner\">\n\t\t<div class=\"fiv-inner-container\">\n\t\t\t<div class=\"fg-item fg-type-image fg-idle\"><figure class=\"fg-item-inner\"><a href=\"https:\/\/geomuseu.upc.edu\/wp-content\/uploads\/2021\/03\/DSC_0262-web.jpg\" data-caption-title=\"charset=Ascii\" data-attachment-id=\"880\" data-type=\"image\" class=\"fg-thumb\"><span class=\"fg-image-wrap\"><img fetchpriority=\"high\" decoding=\"async\" title=\"charset=Ascii\" width=\"600\" height=\"400\" class=\"skip-lazy fg-image\" data-src-fg=\"https:\/\/geomuseu.upc.edu\/wp-content\/uploads\/cache\/2021\/03\/DSC_0262-web\/3792024187.jpg\" src=\"data:image\/svg+xml,%3Csvg%20xmlns%3D%22http%3A%2F%2Fwww.w3.org%2F2000%2Fsvg%22%20width%3D%22600%22%20height%3D%22400%22%20viewBox%3D%220%200%20600%20400%22%3E%3C%2Fsvg%3E\" loading=\"eager\"><\/span><span class=\"fg-image-overlay\"><\/span><\/a><figcaption class=\"fg-caption\"><div class=\"fg-caption-inner\"><div class=\"fg-caption-title\">charset=Ascii<\/div><\/div><\/figcaption><\/figure><div class=\"fg-loader\"><\/div><\/div><div class=\"fg-item fg-type-image fg-idle\"><figure class=\"fg-item-inner\"><a href=\"https:\/\/geomuseu.upc.edu\/wp-content\/uploads\/2021\/03\/Minerals-futur-1.jpg\" data-attachment-id=\"881\" data-type=\"image\" class=\"fg-thumb\"><span class=\"fg-image-wrap\"><img decoding=\"async\" width=\"600\" height=\"400\" class=\"skip-lazy fg-image\" data-src-fg=\"https:\/\/geomuseu.upc.edu\/wp-content\/uploads\/cache\/2021\/03\/Minerals-futur-1\/2725088397.jpg\" src=\"data:image\/svg+xml,%3Csvg%20xmlns%3D%22http%3A%2F%2Fwww.w3.org%2F2000%2Fsvg%22%20width%3D%22600%22%20height%3D%22400%22%20viewBox%3D%220%200%20600%20400%22%3E%3C%2Fsvg%3E\" loading=\"eager\"><\/span><span class=\"fg-image-overlay\"><\/span><\/a><\/figure><div class=\"fg-loader\"><\/div><\/div><div class=\"fg-item fg-type-image fg-idle\"><figure class=\"fg-item-inner\"><a href=\"https:\/\/geomuseu.upc.edu\/wp-content\/uploads\/2021\/01\/FOTO6.jpg\" data-attachment-id=\"190\" data-type=\"image\" class=\"fg-thumb\"><span class=\"fg-image-wrap\"><img decoding=\"async\" width=\"600\" height=\"400\" class=\"skip-lazy fg-image\" data-src-fg=\"https:\/\/geomuseu.upc.edu\/wp-content\/uploads\/cache\/2021\/01\/FOTO6\/2798824290.jpg\" src=\"data:image\/svg+xml,%3Csvg%20xmlns%3D%22http%3A%2F%2Fwww.w3.org%2F2000%2Fsvg%22%20width%3D%22600%22%20height%3D%22400%22%20viewBox%3D%220%200%20600%20400%22%3E%3C%2Fsvg%3E\" loading=\"eager\"><\/span><span class=\"fg-image-overlay\"><\/span><\/a><\/figure><div class=\"fg-loader\"><\/div><\/div><div class=\"fg-item fg-type-image fg-idle\"><figure class=\"fg-item-inner\"><a href=\"https:\/\/geomuseu.upc.edu\/wp-content\/uploads\/2021\/01\/FOTO5.jpg\" data-attachment-id=\"189\" data-type=\"image\" class=\"fg-thumb\"><span class=\"fg-image-wrap\"><img decoding=\"async\" width=\"600\" height=\"400\" class=\"skip-lazy fg-image\" data-src-fg=\"https:\/\/geomuseu.upc.edu\/wp-content\/uploads\/cache\/2021\/01\/FOTO5\/3967505598.jpg\" src=\"data:image\/svg+xml,%3Csvg%20xmlns%3D%22http%3A%2F%2Fwww.w3.org%2F2000%2Fsvg%22%20width%3D%22600%22%20height%3D%22400%22%20viewBox%3D%220%200%20600%20400%22%3E%3C%2Fsvg%3E\" loading=\"eager\"><\/span><span class=\"fg-image-overlay\"><\/span><\/a><\/figure><div class=\"fg-loader\"><\/div><\/div><div class=\"fg-item fg-type-image fg-idle\"><figure class=\"fg-item-inner\"><a href=\"https:\/\/geomuseu.upc.edu\/wp-content\/uploads\/2021\/01\/DSC_0314-scaled.jpg\" data-attachment-id=\"162\" data-type=\"image\" class=\"fg-thumb\"><span class=\"fg-image-wrap\"><img decoding=\"async\" width=\"600\" height=\"400\" class=\"skip-lazy fg-image\" data-src-fg=\"https:\/\/geomuseu.upc.edu\/wp-content\/uploads\/cache\/2021\/01\/DSC_0314-scaled\/3497916607.jpg\" src=\"data:image\/svg+xml,%3Csvg%20xmlns%3D%22http%3A%2F%2Fwww.w3.org%2F2000%2Fsvg%22%20width%3D%22600%22%20height%3D%22400%22%20viewBox%3D%220%200%20600%20400%22%3E%3C%2Fsvg%3E\" loading=\"eager\"><\/span><span class=\"fg-image-overlay\"><\/span><\/a><\/figure><div class=\"fg-loader\"><\/div><\/div><div class=\"fg-item fg-type-image fg-idle\"><figure class=\"fg-item-inner\"><a href=\"https:\/\/geomuseu.upc.edu\/wp-content\/uploads\/2021\/01\/DSC_36b-scaled.jpg\" data-attachment-id=\"161\" data-type=\"image\" class=\"fg-thumb\"><span class=\"fg-image-wrap\"><img decoding=\"async\" width=\"600\" height=\"400\" class=\"skip-lazy fg-image\" data-src-fg=\"https:\/\/geomuseu.upc.edu\/wp-content\/uploads\/cache\/2021\/01\/DSC_36b-scaled\/4178096065.jpg\" src=\"data:image\/svg+xml,%3Csvg%20xmlns%3D%22http%3A%2F%2Fwww.w3.org%2F2000%2Fsvg%22%20width%3D%22600%22%20height%3D%22400%22%20viewBox%3D%220%200%20600%20400%22%3E%3C%2Fsvg%3E\" loading=\"eager\"><\/span><span class=\"fg-image-overlay\"><\/span><\/a><\/figure><div class=\"fg-loader\"><\/div><\/div><div class=\"fg-item fg-type-image fg-idle\"><figure class=\"fg-item-inner\"><a href=\"https:\/\/geomuseu.upc.edu\/wp-content\/uploads\/2021\/03\/DSC_0173.jpg\" data-attachment-id=\"950\" data-type=\"image\" class=\"fg-thumb\"><span class=\"fg-image-wrap\"><img decoding=\"async\" width=\"600\" height=\"400\" class=\"skip-lazy fg-image\" data-src-fg=\"https:\/\/geomuseu.upc.edu\/wp-content\/uploads\/cache\/2021\/03\/DSC_0173\/3918095516.jpg\" src=\"data:image\/svg+xml,%3Csvg%20xmlns%3D%22http%3A%2F%2Fwww.w3.org%2F2000%2Fsvg%22%20width%3D%22600%22%20height%3D%22400%22%20viewBox%3D%220%200%20600%20400%22%3E%3C%2Fsvg%3E\" loading=\"eager\"><\/span><span class=\"fg-image-overlay\"><\/span><\/a><\/figure><div class=\"fg-loader\"><\/div><\/div>\t\t<\/div>\n\t\t<div class=\"fiv-ctrls\">\n\t\t\t<button type=\"button\" class=\"fiv-prev\" title=\"Prev\"><span>Prev<\/span><\/button>\n\t\t\t<label class=\"fiv-count\"><span class=\"fiv-count-current\">1<\/span>of<span class=\"fiv-count-total\">8<\/span><\/label>\n\t\t\t<button type=\"button\" class=\"fiv-next\" title=\"Next\"><span>Next<\/span><\/button>\n\t\t<\/div>\n\t<\/div>\n<\/div>\n\n\n\n<br>\n\n\n\n<p style=\"font-size:28px\"><strong>NOT\u00cdCIES<\/strong><\/p>\n\n\n\n<p><a href=\"https:\/\/geomuseu.upc.edu\/wp-content\/uploads\/2025\/05\/Terres-rares.pdf\" data-type=\"link\" data-id=\"https:\/\/geomuseu.upc.edu\/wp-content\/uploads\/2025\/05\/Terres-rares.pdf\"><strong>Veniu al museu i descobriu qu\u00e8 s\u00f3n les Terres Rares<\/strong><\/a> <\/p>\n\n\n\n<p>(<a href=\"https:\/\/tresors.upc.edu\/podcast\/\">https:\/\/tresors.upc.edu\/podcast\/ <\/a>)<\/p>\n\n\n\n<p><strong><mark style=\"background-color:rgba(0, 0, 0, 0)\" class=\"has-inline-color has-vivid-cyan-blue-color\"><a href=\"https:\/\/geomuseu.upc.edu\/index.php\/novetats\/\" data-type=\"link\" data-id=\"https:\/\/geomuseu.upc.edu\/index.php\/novetats\/\">Una nova \u201cjoia\u201d al Museu de Geologia Valent\u00ed Masachs<\/a> <\/mark><\/strong><\/p>\n\n\n\n<p><a href=\"https:\/\/www.tiktok.com\/@upc_uni\/video\/7426444259244428576?is_from_webapp=1&amp;web_id=7415209232662201888\" data-type=\"link\" data-id=\"https:\/\/www.tiktok.com\/@upc_uni\/video\/7426444259244428576?is_from_webapp=1&amp;web_id=7415209232662201888\"><strong>El Geomuseu al TikTok<\/strong><\/a><\/p>\n\n\n\n<p><a href=\"https:\/\/geomuseu.upc.edu\/index.php\/novetats\/\" data-type=\"link\" data-id=\"https:\/\/geomuseu.upc.edu\/index.php\/novetats\/\"><strong>Mural del Quaternari de la Vall del Cardener<\/strong><\/a><\/p>\n\n\n\n<p><strong><a href=\"https:\/\/link.springer.com\/book\/10.1007\/978-3-030-85889-6\" data-type=\"URL\" data-id=\"https:\/\/link.springer.com\/book\/10.1007\/978-3-030-85889-6\">Nou llibre en angl\u00e8s sobre elements i recursos minerals<\/a><\/strong><\/p>\n\n\n\n<p><\/p>\n","protected":false},"excerpt":{"rendered":"<p>Geomuseu NOT\u00cdCIES Veniu al museu i descobriu qu\u00e8 s\u00f3n les Terres Rares (https:\/\/tresors.upc.edu\/podcast\/ ) Una&#46;&#46;&#46;<\/p>\n","protected":false},"author":1,"featured_media":0,"parent":0,"menu_order":0,"comment_status":"closed","ping_status":"closed","template":"","meta":{"footnotes":""},"class_list":["post-26","page","type-page","status-publish","hentry"],"_links":{"self":[{"href":"https:\/\/geomuseu.upc.edu\/index.php\/wp-json\/wp\/v2\/pages\/26","targetHints":{"allow":["GET"]}}],"collection":[{"href":"https:\/\/geomuseu.upc.edu\/index.php\/wp-json\/wp\/v2\/pages"}],"about":[{"href":"https:\/\/geomuseu.upc.edu\/index.php\/wp-json\/wp\/v2\/types\/page"}],"author":[{"embeddable":true,"href":"https:\/\/geomuseu.upc.edu\/index.php\/wp-json\/wp\/v2\/users\/1"}],"replies":[{"embeddable":true,"href":"https:\/\/geomuseu.upc.edu\/index.php\/wp-json\/wp\/v2\/comments?post=26"}],"version-history":[{"count":127,"href":"https:\/\/geomuseu.upc.edu\/index.php\/wp-json\/wp\/v2\/pages\/26\/revisions"}],"predecessor-version":[{"id":3149,"href":"https:\/\/geomuseu.upc.edu\/index.php\/wp-json\/wp\/v2\/pages\/26\/revisions\/3149"}],"wp:attachment":[{"href":"https:\/\/geomuseu.upc.edu\/index.php\/wp-json\/wp\/v2\/media?parent=26"}],"curies":[{"name":"wp","href":"https:\/\/api.w.org\/{rel}","templated":true}]}}